/2 - 2*q - 4. Let l be s(6). Calculate the highest common factor of l and 17.
17
Let a(v) = -v**3 - v**2 + 8. Let g(l) = -l**2 + l. Let q be g(1). Let s be a(q). Calculate the greatest common divisor of s and 8.
8
Suppose 0 = -4*i - i + 825. Suppose 0 = -s + 3*s - 8. Suppose -x = s*x - 75. What is the greatest common factor of x and i?
15
Let w be (0 - 0) + 12 + 0. Calculate the highest common divisor of w and 12.
12
Let a(n) = -n + 4. Let q(m) = 3*m - 11. Let o(y) = 11*a(y) + 4*q(y). Let h be o(0). Let r be 4 + -2 + h + 0. What is the highest common divisor of r and 1?
1
Let t be 212/(-18) - 16/72. Let c be (-9)/t - 17/(-4). Calculate the greatest common factor of c and 25.
5
Suppose 5*o = v + 64 - 4, 2*o - 4*v - 24 = 0. Let y be 2 + 3/((-9)/(-66)). Calculate the highest common factor of o and y.
12
Let o = -61 - -124. Suppose -v - 47 = -5*a, 9 = a + v + 2. Calculate the greatest common divisor of a and o.
9
Let w(o) = 2*o - 1. Let t = 0 - -3. Let x be w(t). Calculate the highest common divisor of x and 5.
5
Suppose -30 = -q - 0*q. Calculate the highest common divisor of q and 6.
6
Let p(w) = 6 + 3 - 2 - w. Suppose -3*y + 3 = 4*a + 1, -5*y + 18 = 3*a. Let n be p(y). What is the greatest common divisor of 1 and n?
1
Suppose 8*w - 30 = 13*w. Let r(c) = 1. Let t(p) = -p**2 - 3*p + 2. Let g(b) = -2*r(b) - t(b). Let o be g(w). What is the highest common factor of 98 and o?
14
Let w = 6 - 5. Suppose -11 - w = -3*i. Suppose -i*l - l = r - 24, -l - 33 = -4*r. Calculate the highest common factor of 3 and r.
3
Suppose 26 = a - 5*z, -z = 2*a - 0*z - 8. Calculate the highest common factor of 6 and a.
6
Let a = -11 + 18. Suppose p = -2*p + 567. Suppose -x + p = 2*x. Calculate the greatest common factor of a and x.
7
Let m = 3 - 6. Let h = m - -11. Calculate the highest common divisor of h and 32.
8
Suppose -3*w + 180 = 2*w - 5*z, z + 102 = 3*w. Suppose 3*g - 2*f = 23, -3*f - w = -5*g - f. Calculate the highest common factor of 15 and g.
5
Let n be 1 + (-2)/2 + 3. Suppose n*k - 72 = 9. Suppose 5*r = a - k, 0 = -2*r - 3*r - 5. Calculate the highest common factor of a and 11.
11
Let o = -69 + 149. What is the greatest common factor of o and 32?
16
Suppose 6*r - 13 + 1 = 0. Calculate the greatest common divisor of r and 14.
2
Let a(x) = -11*x**2 - 7*x + x**3 + x + 7*x**2. Let w be a(6). What is the highest common divisor of 12 and w?
12
Let m(z) = z**3 - 6*z**2 + z - 2. Let v be m(6). Suppose 0 = -v*u + o + 83, 5*o - 135 = -3*u - 2*u. Calculate the highest common divisor of u and 110.
22
Let m = -13 + 8. Let p be (26 + -1)*(-14)/m. Calculate the greatest common divisor of p and 14.
14
Let t = -1 + 7. Suppose t*x = 4*x + 54. What is the highest common factor of x and 9?
9
Suppose -17*s = -12*s - 150. Calculate the highest common factor of 45 and s.
15
Let h(x) = x**3 + 7*x**2 - 2*x - 4. Suppose -4*m - 24 = -0*m. Let y be h(m). Let t = 86 + -20. Calculate the highest common factor of y and t.
22
Suppose -10*u + 5*u - 5*h = -25, 2*u + h = 12. Suppose o - 6*o = -175. Calculate the greatest common factor of o and u.
7
Let s(h) = -1 + 0 + 3 - 4 + 12*h. Let l be s(2). What is the greatest common factor of l and 33?
11
Let x be -165*(3 + -4) - (-2 + 2). Suppose b - 3 = 1. Suppose -b*t - 15 = -5*t. What is the greatest common factor of t and x?
15
Let w be (234/(-27))/((-2)/6). Let g = w - -25. Calculate the greatest common divisor of 17 and g.
17
Suppose 3*d - 103 = -2*g, -3*d - g + 0*g = -104. Suppose -6 = y + 2*y. Let p = 7 + y. What is the highest common factor of p and d?
5
Let n be ((-72)/60)/((-6)/40). Let g be -40*(-8)/(n/4). Calculate the greatest common divisor of 64 and g.
32
Let l = 16 + -22. Let r be l/(-15) - (-3)/5. What is the greatest common factor of 2 and r?
1
Suppose 80 - 20 = 6*x. Suppose -4*r + 22 + 18 = 0. What is the highest common divisor of r and x?
10
Suppose 4*j - 2*v - 10 = 0, 0*j = -2*j + 4*v + 8. Suppose -4*d = -j - 6. Let m = d - -5. What is the highest common factor of m and 49?
7
Let t = 37 - 26. What is the greatest common factor of t and 88?
11
Let q(r) = -r**3 - 7*r**2 + 3*r + 2. Let i be q(-5). Let l be 4/18 - 1687/i. Calculate the greatest common divisor of l and 18.
9
Suppose -5*t + 7*t - 4 = 0. Suppose 3*x = -t*x. Suppose 0 = 5*p - 2*p - z - 77, x = p - 4*z - 22. What is the highest common divisor of p and 39?
13
Suppose -2*n + 105 = 15. What is the highest common factor of n and 27?
9
Let x be 4/10 - 53/(-5). Suppose -55 - 440 = -5*t. Calculate the greatest common factor of x and t.
11
Suppose 5*u = d + 12, d - 2*d = 3*u - 12. Suppose c = -u*c + 220. Calculate the highest common factor of c and 11.
11
Let i = 13 + -7. Calculate the greatest common factor of 48 and i.
6
Let s be (236/(-13))/(-1) + (-16)/104. Calculate the greatest common divisor of 63 and s.
9
Let w = -11 - -18. Suppose -2*i + i + 170 = 0. Let r = -121 + i. Calculate the highest common factor of r and w.
7
Let p(u) = -u - 8. Let z be p(-7). Let l be (z/(-2))/((-1)/392). Let r be l/(-24) + (-2)/12. Calculate the highest common factor of 64 and r.
8
Let t = 37 - 28. Let z(h) = h**3 - 3*h**2 + h**3 + 3 + 2*h - h**3. Let j be z(3). Calculate the greatest common divisor of t and j.
9
Suppose 631 = 5*m - 304. Calculate the greatest common factor of 17 and m.
17
Let a(q) = -q**3 - 15*q**2 - 15*q - 12. Let z be a(-14). Suppose c + d = 89, 5*d - 81 = c - z*c. What is the greatest common factor of c and 13?
13
Let t(a) = a**3 - 10*a**2 + 10*a - 1. Let p be t(9). Let s(n) = n. Let b be s(5). Let m be ((-8)/20)/((-2)/b). What is the greatest common divisor of p and m?
1
Suppose -2*h = -3*h + 16. Let a = -2 - -10. What is the greatest common divisor of h and a?
8
Let n be 52/8 + (-6)/4. Suppose n*a - 12 = -0*b - b, 3*a = 5*b + 24. Suppose -7 = -a*i + 5. What is the highest common factor of i and 10?
2
Suppose 3*g - 2*y - 11 = 8*g, 11 = -2*g - 3*y. Let h(u) = 76*u**2 - 1. Let k be h(g). Suppose -n + 3*n = 30. What is the highest common factor of n and k?
15
Let n = 8 + 49. Calculate the highest common factor of 38 and n.
19
Let q = -6 + 5. Let f(y) = 35*y - 1. Let b be f(q). Let g be ((-15)/(-6))/((-2)/b). Calculate the highest common factor of 5 and g.
5
Let n be (35/(-2))/((-2)/4). Suppose v - 23 = -3*x + 16, 0 = -3*x - 4*v + 30. What is the highest common factor of x and n?
7
Let a be (-2)/(-4)*(1 + 1). Let o = a - -1. Let v be o + -4 - -122 - -1. What is the highest common divisor of v and 11?
11
Let q be (3 + 27/(-6))*-2. Suppose -q*z + 4 = -14. What is the greatest common divisor of 12 and z?
6
Suppose -4*s = -3*i - 3*s + 46, -i + 19 = -4*s. What is the highest common divisor of i and 3?
3
Let h(x) be the third derivative of -x**4/24 + x**3/3 - 3*x**2. Let t be h(-3). Calculate the highest common divisor of 1 and t.
1
Let i(s) = -s**3 + 19*s**2 + 19*s + 26. Let u be i(20). Calculate the highest common divisor of u and 4.
2
Suppose 4*q + 33 = 97. What is the highest common divisor of q and 4?
4
Let k(v) = 4*v**2 - 5*v + 6. Let o be ((-2)/(-1))/(-2) - -5. Let l be k(o). What is the greatest common divisor of 75 and l?
25
Let a(c) = -c**3 + 5*c**2 + 3*c - 2. Let n be a(3). What is the highest common divisor of n and 125?
25
Suppose 0 = -2*o + 45 - 13. What is the highest common divisor of o and 8?
8
Let u(b) = 2*b**3 + 9*b. Let f be u(8). Suppose -v + 216 = -c, 5*v - c = -0*c + f. What is the greatest common divisor of 20 and v?
20
Let v(c) = -3 - 1 - 2 + 4 + 11*c. Let b be v(1). What is the highest common divisor of 99 and b?
9
Suppose 3*l + 0*l - 2*c = 74, 3*c - 15 = 0. Let u = -10 + l. Calculate the greatest common factor of u and 162.
18
Let j(r) = -r - 1. Let a(n) = -41*n - 4. Let p(o) = -a(o) + 3*j(o). Let w be p(4). What is the highest common divisor of 17 and w?
17
Let j be ((-5)/3 + -1)*-12. Let t = 202 - j. Let h = -120 + t. What is the greatest common divisor of 10 and h?
10
Suppose 0 = -6*i + 4*i + 72. Calculate the highest common divisor of i and 18.
18
Let s = -14 + 20. Calculate the greatest common factor of s and 18.
6
Let n be 3/(-9) - (-6)/(-9). Let m be (-2)/(n*(-3)/(-24)). Calculate the highest common divisor of 8 and m.
8
Suppose 0 = 2*j - 2*x - 8, x - 8 = -5*j - 0*x. Let c(k) = k**3 - 6*k**2 - 2. Let u be c(6). Let h = u - -6. Calculate the high